f w and 126.
14
Suppose -5*u + 4*z + 1505 = 0, -2*u + 871 = u + 4*z. Calculate the highest common divisor of 22 and u.
11
Let n(m) = -2 + m + 4*m + 1 + 4*m. Let s be n(3). Let a = s - 14. What is the highest common factor of a and 8?
4
Suppose 0 = -16*p + 2*p + 2744. What is the greatest common factor of 28 and p?
28
Suppose -4*h = -7*h + 192. Suppose 27*j = -58*j + 1360. What is the greatest common divisor of j and h?
16
Let y(v) = -4*v - 5. Let u be y(-5). Suppose 0 = 5*d - 5 - u. Let i be 2/(-9) + -597*12/(-162). Calculate the highest common divisor of i and d.
4
Let q = 284 - 209. What is the greatest common factor of 100 and q?
25
Let b be (-1 + (1 - 2))*-107. Suppose -50 = 4*t - b. Let f = t - 22. What is the greatest common factor of 57 and f?
19
Let a be (-1)/(-4) + 111/4. Suppose 15 = -6*j + 3*j. Let m(h) = -2*h**2 - 12*h + 4. Let o be m(j). Calculate the greatest common divisor of a and o.
14
Suppose 0 = x - 1 - 0, -4*v = x - 9. Suppose 0 = v*y + 2*f, -2*f - 10 = -5*y - 5*f. Suppose y*r = r + 576. What is the highest common factor of r and 18?
18
Let q be 4/((-16)/(-1836)) + (1 - 5). Calculate the greatest common divisor of q and 35.
35
Let u(l) = 21*l - 898. Let m be u(58). Calculate the greatest common divisor of m and 80.
80
Suppose -45 = 21*o - 24*o. Calculate the greatest common divisor of o and 30.
15
Let c = 78 + 66. Let y(v) = 8*v**3 - 3*v + 3. Let i be y(1). Let g be (i/6)/(1/12) + 0. Calculate the highest common factor of g and c.
16
Let f(i) be the third derivative of -i**5/60 + i**4/2 + 7*i**3/6 + 5*i**2. Let g be f(8). Let b = -19 + g. What is the highest common factor of b and 5?
5
Let a(i) = 3*i + 9. Let s be a(-6). Let k = s - -3. Let d be (-23 - -8)*4/k. What is the greatest common factor of d and 20?
10
Suppose 300 = 5*c + 2*m, -3*m - 17 - 163 = -3*c. Let v = -95 - -135. What is the highest common divisor of c and v?
20
Let f(r) = 20*r**2 + 2*r - 10. Let p be f(5). What is the greatest common divisor of p and 10?
10
Let r be (-5 + 90/(-12))/(1/(-52)). What is the highest common factor of 26 and r?
26
Suppose 148*b - 151*b + 39 = 0. What is the highest common factor of 91 and b?
13
Let u(v) = -v**3 - 7*v**2 - v + 17. Let p be u(-7). Let y be 3/((2*3/(-36))/(-2)). Calculate the greatest common factor of y and p.
12
Let d be (-2292)/(-26) + (-256)/1664. What is the highest common factor of 341 and d?
11
Suppose 0 = 4*l - 5*y - 769, -4*y = 5*l - 471 - 521. What is the highest common divisor of l and 245?
49
Suppose 0 = -l - 47 - 122. Let y = -91 - l. What is the greatest common factor of 195 and y?
39
Suppose -1471 + 750 = -q. Calculate the greatest common divisor of 412 and q.
103
Let m be 10 - 5 - (-25 + 1). Calculate the greatest common divisor of 261 and m.
29
Suppose 64 = -3*t + 7. Let n = t + 43. Let h(x) = -x**2 - 11*x - 6. Let d be h(-9). What is the highest common divisor of n and d?
12
Suppose -5*w + 2*s + 143 = -348, -5*w - 2*s = -499. What is the highest common divisor of 18 and w?
9
Let y(q) = q**3 - 13*q**2 + 13*q - 125. Let c be y(13). What is the greatest common divisor of c and 1892?
44
Let q = 51 + -29. Let u be (15/(-10) - -3) + q/4. Calculate the highest common factor of u and 7.
7
Let f = -131 + 130. Let u be (f*(-3)/(-9))/(1/(-837)). What is the greatest common factor of u and 31?
31
Let r = 8 - 4. Suppose -9*m + 4 + 5 = 0. What is the greatest common divisor of m and r?
1
Suppose 22 = -4*p + 66. Suppose 0 = 4*s + k - 27, p = 3*s + 3*k - 7. Suppose 60 = s*f - 2*f. Calculate the highest common divisor of 30 and f.
6
Let d be (96/(-18))/(-8) + (-147)/(-9). Calculate the highest common divisor of d and 289.
17
Let y(a) = 13*a**2 - 28*a - 17. Let i be y(5). What is the highest common factor of i and 96?
24
Let d = -7705 - -7707. Let c be (-4)/(-5)*110/4. Calculate the greatest common divisor of d and c.
2
Suppose 3*l - 5*m = -0*l + 19, 4*l - 22 = 5*m. Suppose -3*f - l*v = -36, v = -6*f + 3*f + 40. What is the highest common factor of f and 2?
2
Let g(x) = x**3 + 5*x**2 - 14*x + 6. Let p be g(-7). Suppose -27 = p*w - 909. What is the highest common divisor of w and 21?
21
Let z = 21 + 7. Let k = -6 + z. What is the highest common factor of 11 and k?
11
Let d(h) = -4*h + 4. Let b be d(-3). Let i be -8*5*(2 + (-128)/20). Calculate the greatest common factor of i and b.
16
Suppose -482*f - 42 = -485*f. What is the greatest common factor of f and 266?
14
Suppose -3*t - 60 = -3*w, w = 6*w + 3*t - 108. What is the greatest common divisor of 2667 and w?
21
Suppose -12*r + 692 + 460 = 0. What is the greatest common factor of r and 16?
16
Let m be (5100/35)/(20/70). What is the highest common factor of 60 and m?
30
Let o(g) = g + 7. Let w be o(4). Let c(a) = w - 6 - 2*a + 1 + 8. Let f be c(0). Calculate the highest common divisor of 21 and f.
7
Suppose -d + 2 + 15 = -w, 2*w = -6. Let n(a) = 6*a**2 + 2*a. Let z be n(2). Calculate the greatest common divisor of z and d.
14
Suppose 1 + 4 = 5*t. Let l(z) = 0 - t + 84*z**2 - 68*z**2. Let u be l(-1). Calculate the highest common divisor of u and 3.
3
Suppose -4*l + 9 = -o, 3*o - 3*l + 4 = 2*o. Let h = o - -22. Calculate the greatest common divisor of 22 and h.
11
Suppose i + 10*v - 5*v = 12, 0 = 2*v - 2. Suppose -1040 = i*g - 17*g. What is the greatest common factor of g and 13?
13
Suppose -5*w - 908 = -2*a, -5*a + 44 = w - 2253. What is the greatest common divisor of 27 and a?
27
Suppose 0 = -3*k + 132 + 57. Let y be ((-40)/32)/((-2)/128) - -4. Calculate the highest common factor of y and k.
21
Let t(s) = s**2 - 11*s - 16. Let b = -8 - -20. Let l be t(b). Let g be (6 + 2)*(-11)/l. What is the greatest common factor of g and 22?
22
Let n(g) = -45*g + 27. Let i be n(-4). What is the highest common divisor of i and 184?
23
Let x(j) = 2*j - 6. Let l be x(3). Suppose -3*y = -l*y - 18. Let r = 25 + -1. What is the highest common divisor of y and r?
6
Let m be 294*(-16 + 11 + (-11)/(-2)). Suppose 0 = -2*s - 24 + 66. Calculate the greatest common factor of s and m.
21
Suppose -3*g + 2*o + 88 = -0*o, 3*g - o = 86. What is the greatest common divisor of g and 126?
14
Suppose 1055 = 13*l - 50. Calculate the greatest common factor of l and 153.
17
Let b be (2/(-4))/((-16)/96)*9. Suppose -555 = -5*z + 3*a, 0*a - 3*a - 15 = 0. Calculate the highest common divisor of z and b.
27
Suppose -44*t - 2*s = -43*t - 38, 4*s - 136 = -4*t. Calculate the greatest common factor of 810 and t.
30
Let b(i) = 8*i + 23. Let n be b(-7). Let p = n - -63. Calculate the highest common divisor of p and 330.
30
Let z be (-197)/(-4) - (-3)/(-12). Suppose 221 = 3*w - z. Let a = 89 - 53. Calculate the highest common divisor of w and a.
18
Let t = 9 + -9. Let h(l) = 3*l + 10. Let u be h(t). Calculate the highest common factor of 2 and u.
2
Let p(g) = 4*g + 5 - 3 - 7 - 8. Let x be p(4). What is the highest common factor of x and 3?
3
Let w = -33 - -38. Suppose 4 = -i, 2*t + w*i - 19 = -3. Calculate the highest common factor of t and 6.
6
Suppose -4*h + 3*h = -3. Suppose h*s - 18 - 15 = 0. Calculate the highest common factor of 33 and s.
11
Suppose 0 = z + 3*z - 4*y - 72, 0 = -5*z + y + 90. Let b be z/5 + -2 + 3/(-5). Let d be 2/((4/(-11))/(-2)). What is the greatest common divisor of b and d?
1
Let i(c) be the first derivative of c**4/4 - c**3 - 2*c**2 - 8. Let n be i(3). Let g = n + 15. What is the greatest common divisor of g and 12?
3
Let y be (-10 - -41) + 9/(-3). Calculate the highest common factor of y and 7.
7
Suppose 0 = f - 4*w - 533, 0 = -5*f + 4*w + 1145 + 1584. Calculate the highest common factor of f and 61.
61
Let j = 3067 + -2963. Calculate the highest common divisor of j and 26.
26
Let u(n) = 11*n**2 - 1. Let r(p) = -5*p**2 - 3*p - 2. Let g be r(-1). Let o be u(g). Calculate the greatest common factor of o and 25.
25
Suppose -4 - 36 = -5*a. Let u = a - 4. Suppose -u*s - s = -15. What is the highest common factor of s and 3?
3
Let c be (-19 - 1)*16/(-32). Suppose 6 = m - c. What is the highest common factor of 16 and m?
16
Suppose -4*o + 6*o = 204. Let c = 108 - o. Calculate the greatest common divisor of c and 186.
6
Let k(u) = -u**2 + u + 18. Let r be k(0). Suppose l - 44 = -2*s, 4*l - 185 = 4*s + 51. What is the greatest common divisor of r and l?
18
Suppose y = 3*y - 4*y. Suppose -10*o